{"id":257,"date":"2019-06-18T08:03:28","date_gmt":"2019-06-18T08:03:28","guid":{"rendered":"https:\/\/kreislandfrauen-hameln-pyrmont.de\/?page_id=257"},"modified":"2019-07-30T08:58:48","modified_gmt":"2019-07-30T08:58:48","slug":"links","status":"publish","type":"page","link":"https:\/\/kreislandfrauen-hameln-pyrmont.de\/index.php\/links\/","title":{"rendered":"Links"},"content":{"rendered":"\n<h6>Weitere LandFrauenverb\u00e4nde<\/h6>\n\n\n\n<ul><li><a href=\"https:\/\/web.archive.org\/web\/20180930081452\/http:\/\/www.landfrauen-nlv.de\/\" target=\"blank\" rel=\"noopener noreferrer\">Nieders\u00e4chsicher LandFrauenverband Hannover<\/a><\/li><li><a href=\"https:\/\/web.archive.org\/web\/20180930081452\/http:\/\/www.landfrauen.info\/\">Deutscher LandFrauenverband Berlin<\/a><\/li><\/ul>\n\n\n\n<div style=\"height:25px\" aria-hidden=\"true\" class=\"wp-block-spacer\"><\/div>\n\n\n\n<h6>Bildung<\/h6>\n\n\n\n<ul><li><a href=\"https:\/\/web.archive.org\/web\/20180930081452\/http:\/\/www.stiftung-begabtenfoerderung-agrar.de\/\" target=\"blank\" rel=\"noopener noreferrer\">Stiftung f\u00fcr Begabtenf\u00f6rderung der deutschen Landwirtschaft e.V.<\/a><\/li><li><a href=\"https:\/\/web.archive.org\/web\/20180930081452\/http:\/\/www.leb.de\/\">L\u00e4ndliche Erwachsenenbildung in Niedersachsen e.V.<\/a><\/li><li><a style=\"text-decoration: none;\" href=\"https:\/\/web.archive.org\/web\/20180930081452\/http:\/\/www.verband-hvhs.de\/\" target=\"blank\" rel=\"noopener noreferrer\">Verband L\u00e4ndlicher Heimvolkshochschulen Deutschlands e.V.<\/a><\/li><li><a style=\"text-decoration: none;\" href=\"https:\/\/web.archive.org\/web\/20180930081452\/http:\/\/www.lernenaufdembauernhof.de\/\" target=\"blank\" rel=\"noopener noreferrer\">Lernen auf dem Bauernhof<\/a><\/li><li><a style=\"text-decoration: none;\" href=\"https:\/\/web.archive.org\/web\/20180930081452\/http:\/\/www.ble.de\/\" target=\"blank\" rel=\"noopener noreferrer\">Internet-Portal Beruf &amp; Bildung der Zentralstelle f\u00fcr Agrardokumentation und Information (ZADI)<\/a><\/li><li><a style=\"text-decoration: none;\" href=\"https:\/\/web.archive.org\/web\/20180930081452\/http:\/\/www.hausamsteinberg.de\/\" target=\"blank\" rel=\"noopener noreferrer\">Haus am Steinberg e.V., Goslar<\/a><\/li><\/ul>\n\n\n\n<div style=\"height:25px\" aria-hidden=\"true\" class=\"wp-block-spacer\"><\/div>\n\n\n\n<h6>Ern\u00e4hrung<\/h6>\n\n\n\n<ul><li><a style=\"text-decoration: none;\" href=\"https:\/\/web.archive.org\/web\/20180930081452\/http:\/\/www.aid.de\/\" target=\"blank\" rel=\"noopener noreferrer\">aid e.V. (Infodienst Verbraucherschutz, Ern\u00e4hrung, Landwirtschaft e. V.)<\/a><\/li><li><a style=\"text-decoration: none;\" href=\"https:\/\/web.archive.org\/web\/20180930081452\/http:\/\/www.dge.de\/\" target=\"blank\" rel=\"noopener noreferrer\">Deutsche Gesellschaft f\u00fcr Ern\u00e4hrung e.V. (DGE)<\/a><\/li><\/ul>\n\n\n\n<div style=\"height:25px\" aria-hidden=\"true\" class=\"wp-block-spacer\"><\/div>\n\n\n\n<h6>Frauen<\/h6>\n\n\n\n<ul><li><a style=\"text-decoration: none;\" href=\"https:\/\/web.archive.org\/web\/20180930081452\/http:\/\/www.bmfsfj.de\/\" target=\"blank\" rel=\"noopener noreferrer\">Bundesministerium f\u00fcr Familie, Senioren, Frauen und Jugend<\/a><\/li><li><a style=\"text-decoration: none;\" href=\"https:\/\/web.archive.org\/web\/20180930081452\/http:\/\/www.frauenrat.de\/\" target=\"blank\" rel=\"noopener noreferrer\">Deutscher Frauenrat<\/a><\/li><li><a style=\"text-decoration: none;\" href=\"https:\/\/web.archive.org\/web\/20180930081452\/http:\/\/www.dghev.de\/BAG.htm\" target=\"blank\" rel=\"noopener noreferrer\">Bundesarbeitsgemeinschaft Hauswirtschaft<\/a><\/li><li><a style=\"text-decoration: none;\" href=\"https:\/\/web.archive.org\/web\/20180930081452\/http:\/\/www.dghev.de\/\" target=\"blank\" rel=\"noopener noreferrer\">Deutsche Gesellschaft f\u00fcr Hauswirtschaft (dgh)<\/a><\/li><li><a style=\"text-decoration: none;\" href=\"https:\/\/web.archive.org\/web\/20180930081452\/http:\/\/www.landesfrauenrat-nds.de\/\">Landesfrauenrat Niedersachsen e.V.<\/a><\/li><li><a style=\"text-decoration: none;\" href=\"https:\/\/web.archive.org\/web\/20180930081452\/http:\/\/www.seelenfutter.de\/\">Seelenfutter &#8211; Die Homepage von Heidrun Kuhlmann<\/a><\/li><\/ul>\n\n\n\n<div style=\"height:25px\" aria-hidden=\"true\" class=\"wp-block-spacer\"><\/div>\n\n\n\n<h6>Hauswirtschaft<\/h6>\n\n\n\n<ul><li><a style=\"text-decoration: none;\" href=\"https:\/\/web.archive.org\/web\/20180930081452\/http:\/\/www.hausfrauenbund.de\/\" target=\"blank\" rel=\"noopener noreferrer\">Deutscher Hausfrauen-Bund (DHB)<\/a><\/li><li><a style=\"text-decoration: none;\" href=\"https:\/\/web.archive.org\/web\/20180930081452\/http:\/\/www.ifhe.org\/\" target=\"blank\" rel=\"noopener noreferrer\">Internationaler Verband f\u00fcr Hauswirtschaft (IVHW)<\/a><\/li><li><a style=\"text-decoration: none;\" href=\"https:\/\/web.archive.org\/web\/20180930081452\/http:\/\/www.ikw.org\/\" target=\"blank\" rel=\"noopener noreferrer\">Industrieverband K\u00f6rperpflege- und Waschmittel e.V<\/a><\/li><\/ul>\n\n\n\n<div style=\"height:25px\" aria-hidden=\"true\" class=\"wp-block-spacer\"><\/div>\n\n\n\n<h6>Gesundheit und Soziales<\/h6>\n\n\n\n<ul><li><a style=\"text-decoration: none;\" href=\"https:\/\/web.archive.org\/web\/20180930081452\/http:\/\/www.bvgesundheit.de\/\" target=\"blank\" rel=\"noopener noreferrer\">Bundesvereinigung f\u00fcr Gesundheit e.V.<\/a><\/li><li><a style=\"text-decoration: none;\" href=\"https:\/\/web.archive.org\/web\/20180930081452\/http:\/\/www.dhw-nds.de\/\" target=\"_blank\" rel=\"noopener noreferrer\">Evangelisches Dorfhelferinnenwerk Niedersachsen e.V.<\/a><\/li><li><a style=\"text-decoration: none;\" href=\"https:\/\/web.archive.org\/web\/20180930081452\/http:\/\/www.forum-sozialstation.de\/\" target=\"blank\" rel=\"noopener noreferrer\">Forum Sozialstation e. V.<\/a><\/li><li><a style=\"text-decoration: none;\" href=\"https:\/\/web.archive.org\/web\/20180930081452\/http:\/\/www.lsv.de\/nb\/\">Landwirtschaftliche Sozialversicherung Niedersachsen-Bremen<\/a><\/li><\/ul>\n\n\n\n<div style=\"height:25px\" aria-hidden=\"true\" class=\"wp-block-spacer\"><\/div>\n\n\n\n<h6>Internationales<\/h6>\n\n\n\n<ul><li><a style=\"text-decoration: none;\" href=\"https:\/\/web.archive.org\/web\/20180930081452\/http:\/\/www.copa.be\/de\" target=\"blank\" rel=\"noopener noreferrer\">COPA (Ausschuss der berufsst\u00e4ndischen landwirtschaftlichen Organisationen der Europ\u00e4ischen Union)<\/a><\/li><li><a style=\"text-decoration: none;\" href=\"https:\/\/web.archive.org\/web\/20180930081452\/http:\/\/www.welthungerhilfe.de\/\" target=\"blank\" rel=\"noopener noreferrer\">Deutsche Welthungerhilfe (DWHH)<\/a><\/li><li><a style=\"text-decoration: none;\" href=\"https:\/\/web.archive.org\/web\/20180930081452\/http:\/\/www.europaeische-bewegung.de\/\" target=\"blank\" rel=\"noopener noreferrer\">Europ\u00e4ische Bewegung Deutschland e.V.<\/a><\/li><\/ul>\n\n\n\n<div style=\"height:25px\" aria-hidden=\"true\" class=\"wp-block-spacer\"><\/div>\n\n\n\n<h6>Verbraucher<\/h6>\n\n\n\n<ul><li><a style=\"text-decoration: none;\" href=\"https:\/\/web.archive.org\/web\/20180930081452\/http:\/\/www.europlant.biz\/\">Europlant &#8211; Pflanzenzucht<\/a><\/li><li><a style=\"text-decoration: none;\" href=\"https:\/\/web.archive.org\/web\/20180930081452\/http:\/\/www.vzbv.de\/\" target=\"blank\" rel=\"noopener noreferrer\">Verbraucherzentrale Bundesverband e.V.<\/a><\/li><\/ul>\n\n\n\n<div style=\"height:25px\" aria-hidden=\"true\" class=\"wp-block-spacer\"><\/div>\n\n\n\n<h6>Sonstiges<\/h6>\n\n\n\n<ul><li><a style=\"text-decoration: none;\" href=\"https:\/\/web.archive.org\/web\/20180930081452\/http:\/\/www.dgvm.de\/\" target=\"blank\" rel=\"noopener noreferrer\">Deutsche Gesellschaft f\u00fcr Verbandsmanagement e.V. (DGVM)<\/a><\/li><li><a style=\"text-decoration: none;\" href=\"https:\/\/web.archive.org\/web\/20180930081452\/http:\/\/www.landesgartenschau-winsen.de\/\" target=\"_blank\" rel=\"noopener noreferrer\">Landesgartenschau 2006 &#8211; Winsen-Luhe<\/a><\/li><li><a style=\"text-decoration: none;\" href=\"https:\/\/web.archive.org\/web\/20180930081452\/http:\/\/www.landwirtschaftliche-rentenbank.de\/\" target=\"blank\" rel=\"noopener noreferrer\">Landwirtschaftliche Rentenbank<\/a><\/li><\/ul>\n\n\n\n<div style=\"height:25px\" aria-hidden=\"true\" class=\"wp-block-spacer\"><\/div>\n\n\n\n<h6>LandFrauen-Links<\/h6>\n\n\n\n<ul><li><a style=\"text-decoration: none;\" href=\"https:\/\/web.archive.org\/web\/20180930081452\/http:\/\/www.landportal.de\/\" target=\"blank\" rel=\"noopener noreferrer\">LandPortal (Produkte und Dienstleistungen von LandFrauen)<\/a><\/li><li><a style=\"text-decoration: none;\" href=\"https:\/\/web.archive.org\/web\/20180930081452\/http:\/\/www.it-landfrauen.de\/\" target=\"blank\" rel=\"noopener noreferrer\">IT-LandFrauen<\/a><\/li><li><a style=\"text-decoration: none;\" href=\"https:\/\/web.archive.org\/web\/20180930081452\/http:\/\/www.baeuerinnentreff.de\/\" target=\"blank\" rel=\"noopener noreferrer\">B\u00e4uerinnentreff<\/a><\/li><li><a style=\"text-decoration: none;\" href=\"https:\/\/web.archive.org\/web\/20180930081452\/http:\/\/www.landfrauen-links.de\/\" target=\"blank\" rel=\"noopener noreferrer\">Sammlung von LandFrauen-Links<\/a><\/li><li><a style=\"text-decoration: none;\" href=\"https:\/\/web.archive.org\/web\/20180930081452\/http:\/\/www.landfrauen.at\/\" target=\"blank\" rel=\"noopener noreferrer\">LandFrauen in \u00d6sterreich<\/a><\/li><li><a style=\"text-decoration: none;\" href=\"https:\/\/web.archive.org\/web\/20180930081452\/http:\/\/www.landfrauen.ch\/\" target=\"blank\" rel=\"noopener noreferrer\">Schweizerischer Landfrauenverband<\/a><\/li><li><a style=\"text-decoration: none;\" href=\"https:\/\/web.archive.org\/web\/20180930081452\/http:\/\/www.acww.org.uk\/\" target=\"blank\" rel=\"noopener noreferrer\">Weltlandfrauenverband (ACWW)<\/a><\/li><\/ul>\n\n\n\n<div style=\"height:25px\" aria-hidden=\"true\" class=\"wp-block-spacer\"><\/div>\n\n\n\n<h6>Landwirtschaft<\/h6>\n\n\n\n<ul><li><a style=\"text-decoration: none;\" href=\"https:\/\/web.archive.org\/web\/20180930081452\/http:\/\/www.asg-goe.de\/\" target=\"blank\" rel=\"noopener noreferrer\">Agrarsoziale Gesellschaft e.V. (ASG)<\/a><\/li><li><a style=\"text-decoration: none;\" href=\"https:\/\/web.archive.org\/web\/20180930081452\/http:\/\/www.landjugend.de\/\" target=\"blank\" rel=\"noopener noreferrer\">Bund der Deutschen Landjugend (BDL)<\/a><\/li><li><a style=\"text-decoration: none;\" href=\"https:\/\/web.archive.org\/web\/20180930081452\/http:\/\/www.bauernhofurlaub-deutschland.de\/\" target=\"blank\" rel=\"noopener noreferrer\">Bundesarbeitsgemeinschaft f\u00fcr Urlaub auf dem Bauernhof und Landtourismus in Deutschland<\/a><\/li><li><a style=\"text-decoration: none;\" href=\"https:\/\/web.archive.org\/web\/20180930081452\/http:\/\/www.verbraucherministerium.de\/\" target=\"blank\" rel=\"noopener noreferrer\">Bundesministerium f\u00fcr Verbraucherschutz, Ern\u00e4hrung und Landwirtschaft (BMVEL)<\/a><\/li><li><a style=\"text-decoration: none;\" href=\"https:\/\/web.archive.org\/web\/20180930081452\/http:\/\/www.dlg.org\/\" target=\"blank\" rel=\"noopener noreferrer\">Deutsche Landwirtschaftsgesellschaft e.V. (DLG)<\/a><\/li><li><a style=\"text-decoration: none;\" href=\"https:\/\/web.archive.org\/web\/20180930081452\/http:\/\/www.bauernverband.de\/\" target=\"blank\" rel=\"noopener noreferrer\">Deutscher Bauernverband e.V. (DBV)<\/a><\/li><li><a style=\"text-decoration: none;\" href=\"https:\/\/web.archive.org\/web\/20180930081452\/http:\/\/www.europlant.biz\/\">Europlant &#8211; Pflanzenzuchtunternehmen<\/a><\/li><li><a style=\"text-decoration: none;\" href=\"https:\/\/web.archive.org\/web\/20180930081452\/http:\/\/www.fnl.de\/\" target=\"blank\" rel=\"noopener noreferrer\">F\u00f6rdergemeinschaft Nachhaltige Landwirtschaft e.V. (FNL)<\/a><\/li><li><a style=\"text-decoration: none;\" href=\"https:\/\/web.archive.org\/web\/20180930081452\/http:\/\/www.milchland-niedersachsen.de\/\">Landesvereinigung der Milchwirtschaft Niedersachsen e.V.<\/a><\/li><li><a style=\"text-decoration: none;\" href=\"https:\/\/web.archive.org\/web\/20180930081452\/http:\/\/www.landundforst.de\/\">Land &amp; Forst &#8211; Das Wochenblatt f\u00fcr Landwirtschaft, Familie und Landleben<\/a><\/li><li><a style=\"text-decoration: none;\" href=\"https:\/\/web.archive.org\/web\/20180930081452\/http:\/\/www.landvolk.net\/\">Landvolk Niedersachsen &#8211;&nbsp; Landesbauernverband e.V.<\/a><\/li><li><a href=\"https:\/\/web.archive.org\/web\/20180930081452\/http:\/\/www.landservice-niedersachsen.de\/\" target=\"_blank\" rel=\"noopener noreferrer\">Landservice Niedersachsen<\/a><\/li><li><a style=\"text-decoration: none;\" href=\"https:\/\/web.archive.org\/web\/20180930081452\/http:\/\/www.lwk-hannover.de\/\">Landwirtschaftskammer Niedersachsen<\/a><\/li><li><a style=\"text-decoration: none;\" href=\"https:\/\/web.archive.org\/web\/20180930081452\/http:\/\/www.ima-agrar.de%20\/\" target=\"blank\" rel=\"noopener noreferrer\">ima &#8211; information medien agrar e.V.<\/a><\/li><li><a style=\"text-decoration: none;\" href=\"https:\/\/web.archive.org\/web\/20180930081452\/http:\/\/www.landwirtschaftliche-familienberatung.de\/\">Sorgentelefone und Beratungseinrichtungen f\u00fcr landwirtschaftliche Familien<\/a><\/li><\/ul>\n\n\n\n<div style=\"height:25px\" aria-hidden=\"true\" class=\"wp-block-spacer\"><\/div>\n\n\n\n<h6>Politik<\/h6>\n\n\n\n<ul><li><a style=\"text-decoration: none;\" href=\"https:\/\/web.archive.org\/web\/20180930081452\/http:\/\/www.bundesregierung.de\/\" target=\"blank\" rel=\"noopener noreferrer\">Bundesregierung<\/a><\/li><li><a style=\"text-decoration: none;\" href=\"https:\/\/web.archive.org\/web\/20180930081452\/http:\/\/www.bundestag.de\/\" target=\"blank\" rel=\"noopener noreferrer\">Deutscher Bundestag<\/a><\/li><li><a style=\"text-decoration: none;\" href=\"https:\/\/web.archive.org\/web\/20180930081452\/http:\/\/www.bundesrat.de\/\" target=\"blank\" rel=\"noopener noreferrer\">Bundesrat<\/a><\/li><li><a style=\"text-decoration: none;\" href=\"https:\/\/web.archive.org\/web\/20180930081452\/http:\/\/www.europarl.eu.int\/home\/default_de.htm\" target=\"blank\" rel=\"noopener noreferrer\">Europ\u00e4isches Parlament<\/a><\/li><\/ul>\n\n\n\n<div style=\"height:25px\" aria-hidden=\"true\" class=\"wp-block-spacer\"><\/div>\n\n\n\n<h6>Existenzgr\u00fcndung<\/h6>\n\n\n\n<ul><li><a style=\"text-decoration: none;\" href=\"https:\/\/web.archive.org\/web\/20180930081452\/http:\/\/www.gruenderstadt.de\/\" target=\"blank\" rel=\"noopener noreferrer\">Informationsportal zum Thema Existenzgr\u00fcndung<\/a><\/li><li><a style=\"text-decoration: none;\" href=\"https:\/\/web.archive.org\/web\/20180930081452\/http:\/\/www.gruenderinnen.de\/\" target=\"blank\" rel=\"noopener noreferrer\">Online Kurs f\u00fcr Existenzgr\u00fcnderinnen,<\/a><\/li><li><a style=\"text-decoration: none;\" href=\"https:\/\/web.archive.org\/web\/20180930081452\/http:\/\/www.frauenbetriebe.de\/\" target=\"blank\" rel=\"noopener noreferrer\">Frauenbetriebe, Qualifikation f\u00fcr die berufliche Selbst\u00e4ndigkeit e.V.<\/a><\/li><\/ul>\n","protected":false},"excerpt":{"rendered":"<p>Weitere LandFrauenverb\u00e4nde Nieders\u00e4chsicher LandFrauenverband Hannover Deutscher LandFrauenverband Berlin Bildung Stiftung f\u00fcr Begabtenf\u00f6rderung [&hellip;]<\/p>\n","protected":false},"author":1,"featured_media":0,"parent":0,"menu_order":0,"comment_status":"closed","ping_status":"closed","template":"","meta":{"_mc_calendar":[]},"_links":{"self":[{"href":"https:\/\/kreislandfrauen-hameln-pyrmont.de\/index.php\/wp-json\/wp\/v2\/pages\/257"}],"collection":[{"href":"https:\/\/kreislandfrauen-hameln-pyrmont.de\/index.php\/wp-json\/wp\/v2\/pages"}],"about":[{"href":"https:\/\/kreislandfrauen-hameln-pyrmont.de\/index.php\/wp-json\/wp\/v2\/types\/page"}],"author":[{"embeddable":true,"href":"https:\/\/kreislandfrauen-hameln-pyrmont.de\/index.php\/wp-json\/wp\/v2\/users\/1"}],"replies":[{"embeddable":true,"href":"https:\/\/kreislandfrauen-hameln-pyrmont.de\/index.php\/wp-json\/wp\/v2\/comments?post=257"}],"version-history":[{"count":12,"href":"https:\/\/kreislandfrauen-hameln-pyrmont.de\/index.php\/wp-json\/wp\/v2\/pages\/257\/revisions"}],"predecessor-version":[{"id":788,"href":"https:\/\/kreislandfrauen-hameln-pyrmont.de\/index.php\/wp-json\/wp\/v2\/pages\/257\/revisions\/788"}],"wp:attachment":[{"href":"https:\/\/kreislandfrauen-hameln-pyrmont.de\/index.php\/wp-json\/wp\/v2\/media?parent=257"}],"curies":[{"name":"wp","href":"https:\/\/api.w.org\/{rel}","templated":true}]}}